r when 272 is divided by 11?
8
Calculate the remainder when 615 is divided by 69.
63
Calculate the remainder when 207 is divided by 30.
27
Calculate the remainder when 161 is divided by 83.
78
Calculate the remainder when 9 is divided by 6.
3
Calculate the remainder when 175 is divided by 38.
23
What is the remainder when 1629 is divided by 30?
9
Calculate the remainder when 414 is divided by 11.
7
What is the remainder when 338 is divided by 57?
53
What is the remainder when 331 is divided by 53?
13
What is the remainder when 1588 is divided by 43?
40
Calculate the remainder when 9 is divided by 8.
1
What is the remainder when 52 is divided by 11?
8
What is the remainder when 400 is divided by 59?
46
What is the remainder when 293 is divided by 21?
20
What is the remainder when 1216 is divided by 178?
148
Calculate the remainder when 48 is divided by 7.
6
Calculate the remainder when 1300 is divided by 163.
159
Calculate the remainder when 1230 is divided by 88.
86
Calculate the remainder when 277 is divided by 67.
9
Calculate the remainder when 439 is divided by 34.
31
Calculate the remainder when 323 is divided by 67.
55
What is the remainder when 3458 is divided by 3?
2
What is the remainder when 491 is divided by 160?
11
What is the remainder when 1825 is divided by 21?
19
What is the remainder when 176 is divided by 16?
0
Calculate the remainder when 63 is divided by 12.
3
What is the remainder when 1171 is divided by 69?
67
What is the remainder when 883 is divided by 212?
35
Calculate the remainder when 219 is divided by 57.
48
Calculate the remainder when 1673 is divided by 240.
233
What is the remainder when 46 is divided by 8?
6
Calculate the remainder when 130 is divided by 6.
4
What is the remainder when 1002 is divided by 253?
243
What is the remainder when 134 is divided by 9?
8
Calculate the remainder when 3820 is divided by 147.
145
What is the remainder when 138 is divided by 72?
66
Calculate the remainder when 53 is divided by 7.
4
Calculate the remainder when 345 is divided by 32.
25
What is the remainder when 1873 is divided by 119?
88
What is the remainder when 179 is divided by 23?
18
Calculate the remainder when 430 is divided by 424.
6
What is the remainder when 109 is divided by 22?
21
What is the remainder when 99 is divided by 90?
9
Calculate the remainder when 406 is divided by 204.
202
What is the remainder when 109 is divided by 29?
22
Calculate the remainder when 201 is divided by 41.
37
Calculate the remainder when 372 is divided by 8.
4
Calculate the remainder when 143 is divided by 51.
41
What is the remainder when 919 is divided by 44?
39
Calculate the remainder when 425 is divided by 168.
89
What is the remainder when 254 is divided by 63?
2
Calculate the remainder when 322 is divided by 84.
70
What is the remainder when 484 is divided by 84?
64
Calculate the remainder when 340 is divided by 31.
30
What is the remainder when 3326 is divided by 64?
62
Calculate the remainder when 191 is divided by 24.
23
Calculate the remainder when 2713 is divided by 16.
9
What is the remainder when 735 is divided by 221?
72
Calculate the remainder when 366 is divided by 10.
6
What is the remainder when 226 is divided by 5?
1
Calculate the remainder when 6981 is divided by 24.
21
What is the remainder when 472 is divided by 46?
12
What is the remainder when 19078 is divided by 36?
34
Calculate the remainder when 249 is divided by 25.
24
What is the remainder when 288 is divided by 35?
8
Calculate the remainder when 21114 is divided by 41.
40
Calculate the remainder when 2671 is divided by 380.
11
Calculate the remainder when 76 is divided by 41.
35
Calculate the remainder when 499 is divided by 48.
19
Calculate the remainder when 2956 is divided by 34.
32
What is the remainder when 1883 is divided by 315?
308
Calculate the remainder when 1016 is divided by 42.
8
Calculate the remainder when 29 is divided by 23.
6
What is the remainder when 2830 is divided by 1393?
44
What is the remainder when 103 is divided by 13?
12
What is the remainder when 215 is divided by 5?
0
What is the remainder when 257 is divided by 49?
12
Calculate the remainder when 529 is divided by 170.
19
Calculate the remainder when 427 is divided by 111.
94
What is the remainder when 106 is divided by 55?
51
What is the remainder when 36974 is divided by 75?
74
Calculate the remainder when 106 is divided by 51.
4
What is the remainder when 452 is divided by 5?
2
Calculate the remainder when 198 is divided by 4.
2
What is the remainder when 276 is divided by 10?
6
What is the remainder when 3594 is divided by 116?
114
What is the remainder when 385 is divided by 21?
7
Calculate the remainder when 566 is divided by 19.
15
Calculate the remainder when 381 is divided by 129.
123
Calculate the remainder when 246 is divided by 36.
30
Calculate the remainder when 3170 is divided by 13.
11
What is the remainder when 288 is divided by 98?
92
Calculate the remainder when 427 is divided by 19.
9
What is the remainder when 503 is divided by 50?
3
What is the remainder when 58 is divided by 2?
0
Calculate the remainder when 177 is divided by 3.
0
Calculate the remainder when 549 is divided by 55.
54
Calculate the remainder when 1710 is divided by 123.
111
Calculate the remainder when 12 is divided by 2.
0
Calculate the remainder when 2443 is divided by 13.
12
Calculate the remainder when 24822 is divided by 241.
240
What is the remainder when 33 is divided by 23?
10
Calculate the remainder when 271 is divided by 24.
7
Calculate the remainder when 152 is divided by 60.
32
What is the remainder when 77 is divided by 68?
9
Calculate the remainder when 479 is divided by 108.
47
Calculate the remainder when 582 is divided by 28.
22
Calculate the remainder when 126 is divided by 36.
18
Calculate the remainder when 104 is divided by 67.
37
What is the remainder when 6400 is divided by 37?
36
Calculate the remainder when 120 is divided by 16.
8
Calculate the remainder when 74 is divided by 4.
2
Calculate the remainder when 111 is divided by 31.
18
Calculate the remainder when 74 is divided by 5.
4
Calculate the remainder when 80 is divided by 10.
0
Calculate the remainder when 2142 is divided by 32.
30
Calculate the remainder when 510 is divided by 64.
62
What is the remainder when 218 is divided by 10?
8
What is the remainder when 4691 is divided by 152?
131
Calculate the remainder when 307 is divided by 62.
59
What is the remainder when 74 is divided by 15?
14
What is the remainder when 188 is divided by 99?
89
Calculate the remainder when 115 is divided by 11.
5
Calculate the remainder when 121 is divided by 16.
9
Calculate the remainder when 1057 is divided by 139.
84
What is the remainder when 1613 is divided by 44?
29
What is the remainder when 102 is divided by 34?
0
Calculate the remainder when 322 is divided by 35.
7
What is the remainder when 431 is divided by 56?
39
What is the remainder when 683 is divided by 57?
56
What is the remainder when 1767 is divided by 34?
33
Calculate the remainder when 514 is divided by 130.
124
What is the remainder when 20019 is divided by 110?
109
What is the remainder when 238 is divided by 18?
4
Calculate the remainder when 184 is divided by 171.
13
What is the remainder when 2783 is divided by 68?
63
Calculate the remainder when 35008 is divided by 13.
12
What is the remainder when 1439 is divided by 28?
11
Calculate the remainder when 35 is divided by 21.
14
Calculate the remainder when 1878 is divided by 24.
6
Calculate the remainder when 374 is divided by 32.
22
Calculate the remainder when 1508 is divided by 10.
8
Calculate the remainder when 641 is divided by 372.
269
Calculate the remainder when 293 is divided by 99.
95
What is the remainder when 15 is divided by 11?
4
What is the remainder when 970 is divided by 396?
178
What is the remainder when 142 is divided by 11?
10
Calculate the remainder when 260 is divided by 22.
18
What is the remainder when 453 is divided by 91?
89
Calculate the remainder when 1352 is divided by 226.
222
What is the remainder when 111 is divided by 3?
0
Calculate the remainder when 70 is divided by 5.
0
What is the remainder when 163 is divided by 3?
1
What is the remainder when 316 is divid